ed by j?
29
Let h = -101 + 66. Let y = h + 57. What is the remainder when y is divided by 8?
6
Let a = 84 - 56. Calculate the remainder when 52 is divided by a.
24
Suppose 0 = -4*a + 2*y, y + 4 = 4*a - 0*y. Suppose -5*f = -o + 2*o - 1, -a*o = -f - 24. What is the remainder when o is divided by 4?
3
Suppose 0 = 3*a + 2*u - 672, -4*a = -0*a + 2*u - 894. What is the remainder when 29 is divided by a/27 + (-4)/18?
5
Let s(v) = v**3 - v**2 - v + 52. What is the remainder when s(0) is divided by 27?
25
Let g be -1 - (-14 - (0 + 1)). Suppose 5*q + 3*r - 16 = g, 0 = -4*q - 5*r + 11. Suppose -3*j + 15 + q = 0. What is the remainder when 23 is divided by j?
7
Let t(c) = -c**3 + c**2 + c. Suppose 4 = -w - 3*w. What is the remainder when t(w) is divided by (-14)/(-10) - (-4)/(-10)?
0
Suppose -m - 2 = 3. Let s(b) = -b**2 - 8*b + 2. Suppose -4*p + 45 = p. What is the remainder when s(m) is divided by p?
8
Let q(w) = -24*w**3 - 2*w**2 + 1. Calculate the remainder when 44 is divided by q(-1).
21
Calculate the remainder when ((-14)/(-28))/(1/58) is divided by 16.
13
Suppose -a - 54 = -7*a. Calculate the remainder when 26 is divided by a.
8
Suppose 6*y = y + 70. Suppose 67 = -l + 5*r + y, 92 = -4*l - 4*r. Let q = -4 - l. What is the remainder when q is divided by 13?
11
Let p(h) = 111*h**2 + 5*h + 5. What is the remainder when p(-1) is divided by 14?
13
Suppose -p = o - 29, p - 10 = -p. Suppose -7*d + 3*d = -o. Suppose -d*s + 4*s = -8. What is the remainder when 6 is divided by s?
2
Let t = 4 - 0. Let j be (-190)/(-6) + t/12. Suppose 28 = 3*m - j. Calculate the remainder when m is divided by 11.
9
Calculate the remainder when 229/6 + ((-14)/(-12))/(-7) is divided by 10.
8
Let d = 1 + 2. Let h = d - -1. Suppose 5*x + 41 = 5*b - 29, 0 = h*b - x - 44. What is the remainder when b is divided by 4?
2
Let l = 14 - -3. Let b = 35 - l. Calculate the remainder when 34 is divided by b.
16
Let w = 15 - 11. What is the remainder when w is divided by 3?
1
Let s(y) = 8*y - 1. Calculate the remainder when 27 is divided by s(1).
6
Let u(n) = n - 3. Let k be u(6). What is the remainder when 55 is divided by 7*k/(3/2)?
13
Let r(y) = -15*y - 2. Let w be r(-3). Suppose 5*l - w = 157. Calculate the remainder when l is divided by 14.
12
Suppose 53 = x - m, 0*x = 4*x + 3*m - 184. What is the remainder when x is divided by 10?
9
Let c = 108 - 69. What is the remainder when c is divided by 11?
6
Let f = 88 - 56. Calculate the remainder when f is divided by 9.
5
Let t be -5*(3/1 - 4). Suppose -t*g + 39 = -136. Let b = 61 - g. Calculate the remainder when b is divided by 14.
12
Suppose 15 = 5*r + 5. Suppose r*c - 107 = -l + 4*l, c = -3*l + 40. What is the remainder when c is divided by 13?
10
Calculate the remainder when 27 + (-4 - -8) - 0 is divided by 8.
7
Let y(q) = q**3 + 11*q**2 - 3*q - 1. Let b(c) = -c + 2 + c + 3*c. What is the remainder when y(-11) is divided by b(3)?
10
Suppose -2*w + 5*j + 80 = j, 2*w + j - 70 = 0. What is the remainder when 105 is divided by w?
33
Suppose g - 5*v + 10 = 0, 0*g - 19 = -2*g - 3*v. Calculate the remainder when 8 is divided by g.
3
Let b = 53 + 4. What is the remainder when b is divided by 10?
7
Suppose 0 = -2*h - 2 - 2. Let v = -2 + -5. Calculate the remainder when h - 0 - -3 - v is divided by 5.
3
Let u = 4 - -3. Calculate the remainder when 26 is divided by u.
5
Let u = -50 + 156. Calculate the remainder when u is divided by 27.
25
Let c(a) = 2*a + 4. Let j be c(-2). Suppose 2*h - 4*x - 26 = j, 0*x = 5*h + 2*x - 5. What is the remainder when h is divided by 3?
0
Let c(i) = i**3 - 2*i**2 - 5*i - 5. What is the remainder when c(5) is divided by 16?
13
Let f = 17 + -25. Let k = -5 - f. Let l = -3 + 5. Calculate the remainder when k is divided by l.
1
Let r(s) = 14*s**2 - s. Suppose -m = -2 + 3. Calculate the remainder when r(m) is divided by (-16)/(-5)*30/12.
7
Suppose 0 = -2*x - 2*n - 22, 4*n = x - 4 - 0. What is the remainder when 13 is divided by 1*x/(-3)*3?
5
Let c(x) = x**2 - 3*x - 10. Let z(r) = 5*r**2 - 12*r - 41. Let h(w) = -9*c(w) + 2*z(w). Calculate the remainder when h(-6) is divided by 14.
12
Let b(k) = -2*k**3 - 5*k**2 + 2. Let i = 11 - 15. Suppose j - 17 = -0*j. What is the remainder when b(i) is divided by j?
16
Let y(z) = -z**3 + 11*z**2 - z + 16. What is the remainder when 12 is divided by y(11)?
2
Suppose -4*u + 8*u = 60. Suppose -u = -5*k - 0*k. Calculate the remainder when 13 is divided by k.
1
Let j(r) = r**3 - 6*r**2 - 5*r + 5. Let b = -9 - -16. Calculate the remainder when j(7) is divided by b.
5
What is the remainder when 67 is divided by (-3)/((-9)/2)*(-918)/(-36)?
16
Let y(n) be the third derivative of n**6/120 - n**5/4 + 2*n**4/3 + 7*n**3/6 + 7*n**2. Calculate the remainder when y(14) is divided by 9.
8
Let a(t) = -t**3 + 8*t**2 + 5. Let b be a(8). Let g = b - 1. Let q(p) = p**3 - 5*p**2 - 6*p + 7. What is the remainder when q(6) is divided by g?
3
Let j(v) = v + 3. Let x(o) = 2*o + 2. Let w(q) = -6*j(q) + 7*x(q). What is the remainder when w(7) is divided by 27?
25
Let a(g) = g**2 + 16*g + 11. Calculate the remainder when 88 is divided by a(-18).
41
Let v = 191 + -172. Let m be 3*2*(-2)/(-4). Let b = 10 - m. Calculate the remainder when v is divided by b.
5
Let s(b) = 2*b**2 - 12*b + 10. Calculate the remainder when s(7) is divided by 5.
4
Let y = 444 + -294. What is the remainder when y is divided by 38?
36
Let u = 24 + -11. Let r = -9 + u. Suppose 10 - 58 = -r*l. What is the remainder when 34 is divided by l?
10
Suppose -4*b - b + 160 = -5*d, 70 = 2*b - 5*d. Let q = -17 + 33. What is the remainder when b is divided by q?
14
Suppose -5*c = 2*o - 88, c + 3*o - 4 = 11. Calculate the remainder when 87 is divided by c.
15
Suppose -3*h = -4*b + 18, 0 = 2*b - 7*b + h + 17. Suppose -i = -1 - b. Suppose 0*w = 3*w - 42. Calculate the remainder when w is divided by i.
2
Suppose 0*c + 25 = 5*c. Suppose 5*s + 27 = 8*s. Calculate the remainder when s is divided by c.
4
Let s be (10/(-20))/((-1)/(-12)). Let g = 6 - s. What is the remainder when -2*10*9/(-4) is divided by g?
9
Suppose n = 0, 2*h - 34 - 12 = -3*n. What is the remainder when 91 is divided by h?
22
Let i(x) = -x**2 - 11*x - 8. Let p be i(-10). Let d(y) = y**2 + y - 1. What is the remainder when 9 is divided by d(p)?
4
Let i(b) = 84*b + 4. What is the remainder when i(1) is divided by 18?
16
Let c(p) = p**2 - 3*p + 2. Let z be c(4). Let l be (-4)/6*27/z. What is the remainder when 9 is divided by l/6*-4 + 3?
4
Suppose 0 = n - 3*w - 2*w + 31, -2*n - 92 = 5*w. Let b = -18 - n. Calculate the remainder when b is divided by 106/9 - (-4)/18.
11
Let l(y) = y**2 + y + 5. Let k be l(4). Suppose -c = -0*c - k. What is the remainder when c is divided by 9?
7
Let t = 2 - -3. Suppose 0 = -8*q + t*q. What is the remainder when 32 is divided by 2 + (1 + q)*15?
15
Let h(d) = d**2 + 5*d - 4. Calculate the remainder when h(3) is divided by 6.
2
Calculate the remainder when 51 is divided by 52/6*(-3)/(-2).
12
What is the remainder when 73 is divided by (2 - 7)/(2/(-10))?
23
Suppose -3*s + d = -76, 4*s - 6*s = 4*d - 32. Calculate the remainder when 70 is divided by s.
22
Let y(p) be the third derivative of p**4/24 + 17*p**3/6 - p**2. Let w = 36 - -13. Calculate the remainder when w is divided by y(0).
15
Let f be (0/((-4)/(-1)))/(-1). Suppose f = 3*t - 30 + 12. Calculate the remainder when 17 is divided by t.
5
Suppose -4*n = -n - 3*w - 39, 3*n - 51 = -3*w. What is the remainder when n is divided by 4?
3
Let x(j) be the first derivative of 2*j**3/3 - j**2 + j + 1. Calculate the remainder when x(-3) is divided by 9.
7
Suppose -2*y + 3*r = -27, 5*r = -y + 3*y - 33. Suppose -2*t = 5*h - 30, 5*t = t - h + 24. Calculate the remainder when y is divided by t.
4
Let l = -40 - -71. Let t = l - 16. What is the remainder when ((-43)/(-3))/(2/6) is divided by t?
13
Let t(d) = -3*d + 2. Let k be t(-2). Suppose 4 - k = -o. Suppose -3*s + s + 22 = 0. What is the remainder when s is divided by o?
3
Suppose 0 = -s - 5 - 3. Let k(l) = l**3 + 9*l**2 + 6*l + 10. Suppose p + 226 = 3*b, 0*p = -2*b + 3*p + 146. Calculate the remainder when b is divided by k(s).
24
Let d(a) = 3*a - 7. Let c be d(3). Let o = c - 1. Let u(n) = -n**3 + 3*n**2 + 5*n - 3. What is the remainder when u(4) is divided by o?
0
Suppose 